False
Does 55 divide 770?
True
Is 40 a factor of 160?
True
Is 78 a multiple of 13?
True
Is 10 a factor of 1175?
False
Is 27 a factor of 4247?
False
Is 114960 a multiple of 12?
True
Is 13 a factor of 1727?
False
Is 2861 a multiple of 65?
False
Is 18 a factor of 360?
True
Does 43 divide 11911?
True
Does 6 divide 2096?
False
Is 107 a factor of 1177?
True
Is 3 a factor of 321?
True
Is 66 a factor of 10041?
False
Is 4753 a multiple of 94?
False
Is 11 a factor of 3177?
False
Does 12 divide 1020?
True
Is 10364 a multiple of 9?
False
Is 48 a factor of 6288?
True
Does 10 divide 1620?
True
Does 28 divide 336?
True
Is 13122 a multiple of 27?
True
Is 58 a factor of 1830?
False
Is 212 a factor of 53000?
True
Is 3112 a multiple of 52?
False
Is 218 a factor of 13080?
True
Does 56 divide 2815?
False
Does 12 divide 11856?
True
Is 13 a factor of 880?
False
Does 199 divide 5174?
True
Does 27 divide 38?
False
Is 8 a factor of 906?
False
Is 151 a factor of 175009?
True
Is 191 a multiple of 5?
False
Does 24 divide 816?
True
Does 8 divide 304?
True
Does 9 divide 202?
False
Does 126 divide 115395?
False
Is 5 a factor of 25189?
False
Is 3 a factor of 213?
True
Does 10 divide 1160?
True
Is 112 a multiple of 7?
True
Does 6 divide 54?
True
Is 2091 a multiple of 5?
False
Is 4 a factor of 8708?
True
Does 33 divide 1881?
True
Is 220 a multiple of 44?
True
Does 112 divide 41717?
False
Is 339 a multiple of 6?
False
Does 44 divide 836?
True
Is 26 a factor of 11833?
False
Is 18038 a multiple of 254?
False
Does 6 divide 6711?
False
Is 9 a factor of 239?
False
Does 2 divide 855?
False
Is 9 a factor of 414?
True
Is 888 a multiple of 24?
True
Is 1392 a multiple of 48?
True
Does 17 divide 4296?
False
Is 16686 a multiple of 81?
True
Does 21 divide 573?
False
Is 4047 a multiple of 71?
True
Is 7 a factor of 210?
True
Does 19 divide 8336?
False
Is 7 a factor of 259?
True
Is 4047 a multiple of 32?
False
Is 12784 a multiple of 47?
True
Is 548 a multiple of 5?
False
Is 1691 a multiple of 89?
True
Does 32 divide 949?
False
Does 14 divide 15848?
True
Does 13 divide 41697?
False
Is 44 a multiple of 5?
False
Is 2 a factor of 1124?
True
Is 5 a factor of 329?
False
Is 93 a factor of 7347?
True
Is 84 a factor of 12461?
False
Is 285 a multiple of 19?
True
Is 83 a factor of 8030?
False
Does 98 divide 45889?
False
Is 37197 a multiple of 57?
False
Is 200 a multiple of 4?
True
Is 79 a factor of 419?
False
Is 11 a factor of 41099?
False
Is 12 a factor of 9912?
True
Does 17 divide 4624?
True
Is 44 a factor of 21692?
True
Does 24 divide 16368?
True
Does 35 divide 65800?
True
Is 19 a factor of 28644?
False
Is 344 a multiple of 9?
False
Is 1200 a multiple of 40?
True
Is 421 a multiple of 4?
False
Does 216 divide 70848?
True
Is 3399 a multiple of 19?
False
Does 53 divide 816?
False
Does 6 divide 120?
True
Is 53 a factor of 15264?
True
Is 69 a factor of 68172?
True
Does 14 divide 7084?
True
Is 822 a multiple of 6?
True
Does 46 divide 4324?
True
Is 688 a multiple of 43?
True
Is 53010 a multiple of 21?
False
Is 269 a factor of 5111?
True
Is 8659 a multiple of 7?
True
Is 2639 a multiple of 143?
False
Is 177 a multiple of 9?
False
Is 105 a multiple of 15?
True
Does 5 divide 168?
False
Is 26 a factor of 260?
True
Does 42 divide 252?
True
Does 55 divide 4345?
True
Is 56 a factor of 4878?
False
Is 259 a multiple of 37?
True
Is 30 a factor of 2814?
False
Is 10 a factor of 237?
False
Is 42744 a multiple of 24?
True
Is 622 a multiple of 10?
False
Does 5 divide 5315?
True
Does 5 divide 201?
False
Is 8 a factor of 8?
True
Is 5547 a multiple of 92?
False
Is 1734 a multiple of 102?
True
Is 7 a factor of 378?
True
Is 7003 a multiple of 14?
False
Is 7 a factor of 1218?
True
Is 31835 a multiple of 7?
False
Does 240 divide 95760?
True
Is 5208 a multiple of 124?
True
Does 139 divide 26453?
False
Is 14 a factor of 406?
True
Is 4 a factor of 395?
False
Is 39 a factor of 5343?
True
Does 3 divide 954?
True
Is 11 a factor of 60874?
True
Is 25 a factor of 14150?
True
Is 2511 a multiple of 131?
False
Is 204 a multiple of 17?
True
Is 710 a multiple of 20?
False
Does 55 divide 8360?
True
Is 4 a factor of 11932?
True
Does 17 divide 9112?
True
Is 103 a factor of 7178?
False
Is 21 a factor of 2771?
False
Is 12 a factor of 17868?
True
Does 41 divide 20254?
True
Is 22 a factor of 18108?
False
Does 13 divide 22106?
False
Is 8965 a multiple of 2?
False
Does 33 divide 15469?
False
Does 90 divide 94320?
True
Does 39 divide 34637?
False
Is 359 a multiple of 51?
False
Is 775 a multiple of 34?
False
Is 20 a factor of 8100?
True
Is 4100 a multiple of 20?
True
Is 306 a multiple of 17?
True
Does 34 divide 7726?
False
Is 692 a multiple of 22?
False
Does 25 divide 14100?
True
Is 360 a factor of 147240?
True
Is 6 a factor of 6528?
True
Is 10429 a multiple of 45?
False
Is 83 a factor of 6308?
True
Is 3777 a multiple of 61?
False
Does 26 divide 312?
True
Is 1026 a multiple of 57?
True
Is 58 a factor of 3126?
False
Is 82 a factor of 2132?
True
Does 21 divide 147?
True
Is 544 a multiple of 34?
True
Is 13 a factor of 3276?
True
Is 13 a factor of 1675?
False
Is 54 a factor of 1032?
False
Is 109 a factor of 2616?
True
Is 17 a factor of 4439?
False
Does 2 divide 142?
True
Is 604 a multiple of 12?
False
Is 4 a factor of 3458?
False
Is 9 a factor of 267?
False
Does 6 divide 24684?
True
Does 3 divide 1091?
False
Does 38 divide 9465?
False
Is 6 a factor of 22129?
False
Does 5 divide 4745?
True
Does 19 divide 3816?
False
Is 1283 a multiple of 45?
False
Does 9 divide 1220?
False
Is 4096 a multiple of 32?
True
Is 1950 a multiple of 65?
True
Does 11 divide 392?
False
Is 1383 a multiple of 12?
False
Is 106 a factor of 13154?
False
Is 2104 a multiple of 34?
False
Does 9 divide 719?
False
Does 71 divide 5751?
True
Is 40 a factor of 3400?
True
Does 49 divide 4345?
False
Does 5 divide 13715?
True
Is 169 a factor of 17576?
True
Is 18 a factor of 1051?
False
Is 27 a factor of 5324?
False
Is 5484 a multiple of 12?
True
Is 243 a factor of 998?
False
Is 6 a factor of 8068?
False
Is 66 a factor of 9431?
False
Does 25 divide 3063?
False
Is 16 a factor of 15824?
True
Is 15620 a multiple of 70?
False
Is 112 a factor of 24416?
True
Does 136 divide 3604?
False
Does 82 divide 12464?
True
Is 33019 a multiple of 7?
True
Is 8 a factor of 10872?
True
Is 8268 a multiple of 53?
True
Is 19250 a multiple of 25?
True
Does 5 divide 66?
False
Is 424 a multiple of 6?
False
Is 31306 a multiple of 24?
False
Is 70 a multiple of 2?
True
Is 3704 a multiple of 7?
False
Is 2830 a multiple of 3?
False
Does 59 divide 1888?
True
Is 1315 a multiple of 5?
True
Does 10 divide 8569?
False
Is 31 a factor of 5487?
True
Is 200 a factor of 37600?
True
Is 17 a factor of 7483?
False
Does 16 divide 923?
False
Does 51 divide 51041?
False
Is 1369 a multiple of 29?
False
Does 4 divide 1322?
False
Is 50 a factor of 5301?
False
Does 183 divide 23241?
True
Is 88 a multiple of 9?
False
Does 17 divide 783?
False
Does 4 divide 984?
True
Is 13 a factor of 123565?
True
Does 8 divide 22792?
True
Is 26 a factor of 365?
False
Is 94 a factor of 2256?
True
Is 46430 a multiple of 234?
False
Is 5885 a multiple of 5?
True
Is 1561 a multiple of 7?
True
Is 1579 a multiple of 9?
False
Is 9 a factor of 31199?
False
Does 20 divide 863?
False
Does 63 divide 5707?
False
Is 448 a multiple of 14?
True
Does 28 divide 106652?
True
Is 13 a factor of 6225?
False
Does 82 divide 8360?
False
Is 6984 a multiple of 4?
True
Is 2303 a multiple of 47?
True
Is 3217 a multiple of 8?
False
Does 2 divide 435?
False
Is 4156 a multiple of 60?
False
Is 33 a factor of 2607?
True
Is 43 a factor of 86?
True
Is 29510 a multiple of 13?
True
Is 22 a factor of 1078?
True
Is 63 a factor of 567?
True
Is 5856 a multiple of 61?
True
Is 20 a factor of 2260?
True
Does 36 divide 2241?
False
Is 199 a factor of 13333?
True
Is 28 a factor of 2660?
True
Is 3 a factor of 153?
True
Is 9 a factor of 450?
True
Is 17905 a multiple of 49?
False
Is 7 a factor of 11872?
True
Is 243 a multiple of 21?
False
Is 1145 a multiple of 2?
False
Does 29 divide 2282?
False
Does 31 divide 37?
False
Is 1023 a multiple of 31?
True
Is 113277 a multiple of 327?
False
Is 42 a factor of 1806?
True
Is 6 a factor of 3334?
False
Is 6 a factor of 2760?
True
Is 7200 a multiple of 45?
True
Is 95 a factor of 